{"id":53,"date":"2020-12-30T13:49:17","date_gmt":"2020-12-30T12:49:17","guid":{"rendered":"http:\/\/pariserkommune.noblogs.org\/?page_id=53"},"modified":"2021-03-12T10:16:48","modified_gmt":"2021-03-12T09:16:48","slug":"historischer-ablauf-der-kommune-2","status":"publish","type":"page","link":"https:\/\/pariserkommune.noblogs.org\/?page_id=53","title":{"rendered":"Kleine Chronik der Pariser Kommune 1871"},"content":{"rendered":"<div class=\"navi-box-c\">\n<div class=\"navi-box ta-start\"><a href=\"https:\/\/pariserkommune.noblogs.org\/?page_id=48\" rel=\"noopener\">&lt;&lt; Vorherige<\/a><\/div>\n<div class=\"navi-box ta-end\"><a href=\"https:\/\/pariserkommune.noblogs.org\/files\/2021\/03\/Roll-Up_04_web.pdf\" target=\"_blank\" rel=\"noopener\">PDF<\/a><\/div>\n<div class=\"navi-box ta-center\" style=\"color: red\">Deutsch<\/div>\n<div class=\"navi-box ta-start\"><a href=\"https:\/\/pariserkommune.noblogs.org\/?page_id=197\" rel=\"noopener\">English<\/a><\/div>\n<div class=\"navi-box ta-end\"><a href=\"https:\/\/pariserkommune.noblogs.org\/?page_id=55\" rel=\"noopener\">N\u00e4chste &gt;&gt;<\/a><\/div>\n<\/div>\n<div class=\"qblock\">\n<p>Mit drei Zeilen stellte das Zentralkomitee Gerechtigkeit her, schlug Versailles, gewann Paris.<\/p>\n<div class=\"header-quote\">Prosper Lissagaray (1838-1901), Journalist, Barrikadenk\u00e4mpfer, in Geschichte der Pariser Commune von 1871<br \/>\nAnspielung auf die drei sozialen Erlasse des Zentralkomitees der Nationalgarde vom 20. M\u00e4rz<\/div>\n<div class=\"quote-left\">\u201d<\/div>\n<div class=\"quote-right\">\u201c<\/div>\n<\/div>\n<div id=\"attachment_314\" style=\"width: 1668px\" class=\"wp-caption aligncenter\"><a name=\"ref-01\" href=\"https:\/\/pariserkommune.noblogs.org\/files\/2021\/03\/04_01_01.jpg\"><img loading=\"lazy\" decoding=\"async\" aria-describedby=\"caption-attachment-314\" class=\"wp-image-314 size-full\" src=\"https:\/\/pariserkommune.noblogs.org\/files\/2021\/03\/04_01_01.jpg\" alt=\"\" width=\"1658\" height=\"961\" srcset=\"https:\/\/pariserkommune.noblogs.org\/files\/2021\/03\/04_01_01.jpg 1658w, https:\/\/pariserkommune.noblogs.org\/files\/2021\/03\/04_01_01-300x174.jpg 300w, https:\/\/pariserkommune.noblogs.org\/files\/2021\/03\/04_01_01-1024x594.jpg 1024w, https:\/\/pariserkommune.noblogs.org\/files\/2021\/03\/04_01_01-768x445.jpg 768w, https:\/\/pariserkommune.noblogs.org\/files\/2021\/03\/04_01_01-1536x890.jpg 1536w, https:\/\/pariserkommune.noblogs.org\/files\/2021\/03\/04_01_01-500x290.jpg 500w\" sizes=\"auto, (max-width: 1658px) 100vw, 1658px\" \/><\/a><p id=\"caption-attachment-314\" class=\"wp-caption-text\">Proklamierung der Kommune am 28. M\u00e4rz 1871 auf dem Place de l\u2018H\u00f4tel de Ville (Rathaus), Gravur von A. Lamy f\u00fcr Le Monde illustr\u00e9 vom 8. April 1871. <a href=\"#01\">[1]<\/a><\/p><\/div>\n<p><strong>18. M\u00e4rz<\/strong> Regierungstruppen wollen sich der Kanonen der Nationalgarde bem\u00e4chtigen, scheitern am Widerstand der Bev\u00f6lkerung. Das Zentralkomitee (ZK) der Nationalgarde \u00fcbernimmt die Macht, die b\u00fcrgerliche Regierung flieht nach Versailles.<\/p>\n<p><strong>19. M\u00e4rz<\/strong> Nationalgarde ruft Wahlen f\u00fcr Paris aus. Freilassung aller politischen Gefangenen. Einige Kommunard*innen wollen Regierung in Versailles st\u00fcrzen, solange die noch schwach ist. ZK der Nationalgarde lehnt das ab. F\u00fcr Karl Marx u.a. einer von zwei gro\u00dfen Fehlern. Der zweite ist, die Bank von Frankreich nicht zu konfiszieren. In ihr liegen 3 Milliarden Francs. Davon zahlt sie an die Regierung 258 Mio., an die Kommune nur 16 Mio.<\/p>\n<p><strong>20. M\u00e4rz<\/strong> Drei Erlasse: Schuldenmoratorium, K\u00fcndigungsverbot von Mieter*innen, Aussetzung des Verkaufs von Pfandobjekten.<\/p>\n<p><strong>22. M\u00e4rz<\/strong> Ausrufung der Kommune in Lyon. Weitere St\u00e4dte folgen, aber keine kann sich lange halten.<\/p>\n<p><strong>26. M\u00e4rz<\/strong> Wahlen zum Rat der Kommune, 500.000 Wahlberechtigte, die H\u00e4lfte w\u00e4hlt. In b\u00fcrgerlichen Vierteln unter 25%, in proletarischen bis 76%. Frauen haben kein Wahlrecht.<\/p>\n<p><strong>27. M\u00e4rz<\/strong> Regierung in Versailles stellt Invasionsarmee auf, Preu\u00dfen l\u00e4sst daf\u00fcr Kriegsgefangene frei.<\/p>\n<p><strong>28. M\u00e4rz<\/strong> Proklamierung der Kommune.<\/p>\n<p><strong>29. M\u00e4rz<\/strong> Erste Dekrete: Volksbewaffnung<br \/>\nanstelle Armee, Mietstundung.<br \/>\nEinige weitere: H\u00f6chst- \/ Mindestlohn, Trennung Staat und Kirche, Versorgung von Hinterbliebenen Gefallener, verlassene Betriebe an Arbeitergenossenschaften, freie Bildung.<\/p>\n<p><strong>3. April<\/strong> Missgl\u00fcckter Angriff der Nationalgarde auf Versailles, Beginn der K\u00e4mpfe mit der Regierung, Regierung begeht erste Kriegsverbrechen.<\/p>\n<p><strong>6. April<\/strong> Aufruf an die Provinz, die Pariser Kommune zu unterst\u00fctzen, Verbrennung der Guillotine auf der Place Voltaire.<\/p>\n<p><strong>9. April<\/strong> Regierung beginnt Paris zu bombardieren.<\/p>\n<p><strong>11. April<\/strong> Bildung der Union des Femmes (Frauenbund).<\/p>\n<p><strong>16. Mai<\/strong> Zerst\u00f6rung der Vend\u00f4me-S\u00e4ule.<\/p>\n<p><strong>21. Mai<\/strong> Durch Verrat dringen Regierungstruppen in Paris ein, Beginn der Stra\u00dfenk\u00e4mpfe, Regierungstruppen massakrieren 20-30.000 Menschen.<\/p>\n<p><strong>28. Mai<\/strong> Letzte Barrikade f\u00e4llt, 40.000 Gefangene, 10.000 Verurteilungen, erst 1880 Amnestie.<\/p>\n<div id=\"attachment_316\" style=\"width: 250px\" class=\"wp-caption alignleft\"><a name=\"ref-02\" href=\"https:\/\/pariserkommune.noblogs.org\/files\/2021\/03\/04_02_02.jpg\"><img loading=\"lazy\" decoding=\"async\" aria-describedby=\"caption-attachment-316\" class=\"wp-image-316\" src=\"https:\/\/pariserkommune.noblogs.org\/files\/2021\/03\/04_02_02-237x300.jpg\" alt=\"\" width=\"240\" height=\"303\" srcset=\"https:\/\/pariserkommune.noblogs.org\/files\/2021\/03\/04_02_02-237x300.jpg 237w, https:\/\/pariserkommune.noblogs.org\/files\/2021\/03\/04_02_02.jpg 496w\" sizes=\"auto, (max-width: 240px) 100vw, 240px\" \/><\/a><p id=\"caption-attachment-316\" class=\"wp-caption-text\">Plakat zum Dekret (Erlass) der Pariser Kommune vom 29. M\u00e4rz 1871 \u00fcber die Stundung von Mieten. <a href=\"#02\">[2]<\/a><\/p><\/div>\n<div id=\"attachment_315\" style=\"width: 250px\" class=\"wp-caption alignright\"><a name=\"ref-03\" href=\"https:\/\/pariserkommune.noblogs.org\/files\/2021\/03\/04_02_01.jpg\"><img loading=\"lazy\" decoding=\"async\" aria-describedby=\"caption-attachment-315\" class=\"wp-image-315\" src=\"https:\/\/pariserkommune.noblogs.org\/files\/2021\/03\/04_02_01-193x300.jpg\" alt=\"\" width=\"240\" height=\"373\" srcset=\"https:\/\/pariserkommune.noblogs.org\/files\/2021\/03\/04_02_01-193x300.jpg 193w, https:\/\/pariserkommune.noblogs.org\/files\/2021\/03\/04_02_01.jpg 496w\" sizes=\"auto, (max-width: 240px) 100vw, 240px\" \/><\/a><p id=\"caption-attachment-315\" class=\"wp-caption-text\">L\u2018Actualit\u00e9 Nr. 3, April 1871 mit dem Aufruf, der geflohenen Regierung nachzusetzten: \u201eNach Versailles! Da sind sie!\u201c des Karikaturisten G. Gaillard Fils. <a href=\"#03\">[3]<\/a><\/p><\/div>\n<div id=\"attachment_317\" style=\"width: 887px\" class=\"wp-caption alignnone\"><a name=\"ref-04\" href=\"https:\/\/pariserkommune.noblogs.org\/files\/2021\/03\/04_03_01.jpg\"><img loading=\"lazy\" decoding=\"async\" aria-describedby=\"caption-attachment-317\" class=\"wp-image-317 size-full\" src=\"https:\/\/pariserkommune.noblogs.org\/files\/2021\/03\/04_03_01.jpg\" alt=\"\" width=\"877\" height=\"517\" srcset=\"https:\/\/pariserkommune.noblogs.org\/files\/2021\/03\/04_03_01.jpg 877w, https:\/\/pariserkommune.noblogs.org\/files\/2021\/03\/04_03_01-300x177.jpg 300w, https:\/\/pariserkommune.noblogs.org\/files\/2021\/03\/04_03_01-768x453.jpg 768w, https:\/\/pariserkommune.noblogs.org\/files\/2021\/03\/04_03_01-500x295.jpg 500w\" sizes=\"auto, (max-width: 877px) 100vw, 877px\" \/><\/a><p id=\"caption-attachment-317\" class=\"wp-caption-text\">Tr\u00fcmmer der Vend\u00f4me-S\u00e4ule, die am 16. Mai unter gro\u00dfem Beifall vor Tausenden Zuschauer*innen abgerissen wurde. Sie galt als \u201eein Symbol viehischer Gewalt und falschen Ruhmes, eine Bekr\u00e4ftigung des Militarismus,&#8230;\u201c (Dekret der Pariser Kommune, 12. April 1871) <a href=\"#04\">[4]<\/a><\/p><\/div>\n<p><img loading=\"lazy\" decoding=\"async\" class=\"youth-img\" src=\"https:\/\/pariserkommune.noblogs.org\/files\/2021\/03\/marie_laurent.jpg\" alt=\"\" width=\"257\" height=\"117\" \/><\/p>\n<div class=\"youth-text youth-04\">\n<strong>Laurent:<\/strong> Weil die Miete so teuer war, haben bei uns regelm\u00e4\u00dfig fremde Leute gewohnt. Manchmal haben wir uns zu sechst ein Zimmer geteilt. Das war ganz sch\u00f6n anstrengend.<br \/>\n<strong>Marie:<\/strong> Meine Mama hatte auch immer Sorgen wegen der Miete. Ich hab sie deswegen oft nachts heimlich seufzen h\u00f6ren.<br \/>\n<strong>Laurent:<\/strong> Jetzt fliegt jedenfalls keiner mehr so schnell aus seiner Wohnung. Und au\u00dferdem stehen gerade ganz viele Wohnungen leer, denn viele Reiche haben seit der Belagerung die Stadt verlassen.<br \/>\n<strong>Marie:<\/strong> Los, dann m\u00fcssen wir uns die nehmen! Ich will ein Zimmer mit riesigen Fenstern, wo ich immer die Sonne sehen kann.\n<\/div>\n<div class=\"navi-box-c navi-bottom\">\n<div class=\"navi-box ta-start\"><a href=\"https:\/\/pariserkommune.noblogs.org\/?page_id=48\" rel=\"noopener\">&lt;&lt; Vorherige<\/a><\/div>\n<div class=\"navi-box ta-end\"><a href=\"https:\/\/pariserkommune.noblogs.org\/files\/2021\/03\/Roll-Up_04_web.pdf\" target=\"_blank\" rel=\"noopener\">PDF<\/a><\/div>\n<div class=\"navi-box ta-center\" style=\"color: red\">Deutsch<\/div>\n<div class=\"navi-box ta-start\"><a href=\"https:\/\/pariserkommune.noblogs.org\/?page_id=197\" rel=\"noopener\">English<\/a><\/div>\n<div class=\"navi-box ta-end\"><a href=\"https:\/\/pariserkommune.noblogs.org\/?page_id=55\" rel=\"noopener\">N\u00e4chste &gt;&gt;<\/a><\/div>\n<\/div>\n<div class=\"ref-box\">\n  <strong>Bildreferenzen:<\/strong><br \/>\n  <a name=\"01\" class=\"ref-link\" href=\"#ref-01\">[1] CC0 commons.wikimedia.org<\/a><br \/>\n  <a name=\"02\" class=\"ref-link\" href=\"#ref-02\">[2] CC0 Paris Mus\u00e9es \/ Mus\u00e9e Carnavalet &#8211; Histoire de Paris<\/a><br \/>\n  <a name=\"03\" class=\"ref-link\" href=\"#ref-03\">[3] CC0 commons.wikimedia.org<\/a><br \/>\n  <a name=\"04\" class=\"ref-link\" href=\"#ref-04\">[4] CC0 commons.wikimedia.org<\/a>\n<\/div>\n","protected":false},"excerpt":{"rendered":"<p>&lt;&lt; Vorherige PDF Deutsch English N\u00e4chste &gt;&gt; Mit drei Zeilen stellte das Zentralkomitee Gerechtigkeit her, schlug Versailles, gewann Paris. Prosper Lissagaray (1838-1901), Journalist, Barrikadenk\u00e4mpfer, in Geschichte der Pariser Commune von 1871 Anspielung auf die drei sozialen Erlasse des Zentralkomitees der &hellip; <a href=\"https:\/\/pariserkommune.noblogs.org\/?page_id=53\">Weiterlesen <span class=\"meta-nav\">&rarr;<\/span><\/a><\/p>\n","protected":false},"author":15881,"featured_media":0,"parent":5,"menu_order":4,"comment_status":"closed","ping_status":"closed","template":"","meta":{"_locale":"de_DE","_original_post":"http:\/\/pariserkommune.noblogs.org\/?page_id=53","footnotes":""},"class_list":["post-53","page","type-page","status-publish","hentry","de-DE"],"_links":{"self":[{"href":"https:\/\/pariserkommune.noblogs.org\/index.php?rest_route=\/wp\/v2\/pages\/53","targetHints":{"allow":["GET"]}}],"collection":[{"href":"https:\/\/pariserkommune.noblogs.org\/index.php?rest_route=\/wp\/v2\/pages"}],"about":[{"href":"https:\/\/pariserkommune.noblogs.org\/index.php?rest_route=\/wp\/v2\/types\/page"}],"author":[{"embeddable":true,"href":"https:\/\/pariserkommune.noblogs.org\/index.php?rest_route=\/wp\/v2\/users\/15881"}],"replies":[{"embeddable":true,"href":"https:\/\/pariserkommune.noblogs.org\/index.php?rest_route=%2Fwp%2Fv2%2Fcomments&post=53"}],"version-history":[{"count":13,"href":"https:\/\/pariserkommune.noblogs.org\/index.php?rest_route=\/wp\/v2\/pages\/53\/revisions"}],"predecessor-version":[{"id":318,"href":"https:\/\/pariserkommune.noblogs.org\/index.php?rest_route=\/wp\/v2\/pages\/53\/revisions\/318"}],"up":[{"embeddable":true,"href":"https:\/\/pariserkommune.noblogs.org\/index.php?rest_route=\/wp\/v2\/pages\/5"}],"wp:attachment":[{"href":"https:\/\/pariserkommune.noblogs.org\/index.php?rest_route=%2Fwp%2Fv2%2Fmedia&parent=53"}],"curies":[{"name":"wp","href":"https:\/\/api.w.org\/{rel}","templated":true}]}}

<div class="navi-box-c">
<div class="navi-box ta-start"><a href="https://pariserkommune.noblogs.org/?page_id=48" rel="noopener">&lt;&lt; Vorherige</a></div>
<div class="navi-box ta-end"><a href="https://pariserkommune.noblogs.org/files/2021/03/Roll-Up_04_web.pdf" target="_blank" rel="noopener">PDF</a></div>
<div class="navi-box ta-center" style="color: red">Deutsch</div>
<div class="navi-box ta-start"><a href="https://pariserkommune.noblogs.org/?page_id=197" rel="noopener">English</a></div>
<div class="navi-box ta-end"><a href="https://pariserkommune.noblogs.org/?page_id=55" rel="noopener">Nächste &gt;&gt;</a></div>
</div>
<div class="qblock">
<p>Mit drei Zeilen stellte das Zentralkomitee Gerechtigkeit her, schlug Versailles, gewann Paris.</p>
<div class="header-quote">Prosper Lissagaray (1838-1901), Journalist, Barrikadenkämpfer, in Geschichte der Pariser Commune von 1871<br />
Anspielung auf die drei sozialen Erlasse des Zentralkomitees der Nationalgarde vom 20. März</div>
<div class="quote-left">”</div>
<div class="quote-right">“</div>
</div>
<div id="attachment_314" style="width: 1668px" class="wp-caption aligncenter"><a name="ref-01" href="https://pariserkommune.noblogs.org/files/2021/03/04_01_01.jpg"><img loading="lazy" decoding="async" aria-describedby="caption-attachment-314" class="wp-image-314 size-full" src="https://pariserkommune.noblogs.org/files/2021/03/04_01_01.jpg" alt="" width="1658" height="961" srcset="https://pariserkommune.noblogs.org/files/2021/03/04_01_01.jpg 1658w, https://pariserkommune.noblogs.org/files/2021/03/04_01_01-300x174.jpg 300w, https://pariserkommune.noblogs.org/files/2021/03/04_01_01-1024x594.jpg 1024w, https://pariserkommune.noblogs.org/files/2021/03/04_01_01-768x445.jpg 768w, https://pariserkommune.noblogs.org/files/2021/03/04_01_01-1536x890.jpg 1536w, https://pariserkommune.noblogs.org/files/2021/03/04_01_01-500x290.jpg 500w" sizes="auto, (max-width: 1658px) 100vw, 1658px" /></a><p id="caption-attachment-314" class="wp-caption-text">Proklamierung der Kommune am 28. März 1871 auf dem Place de l‘Hôtel de Ville (Rathaus), Gravur von A. Lamy für Le Monde illustré vom 8. April 1871. <a href="#01">[1]</a></p></div>
<p><strong>18. März</strong> Regierungstruppen wollen sich der Kanonen der Nationalgarde bemächtigen, scheitern am Widerstand der Bevölkerung. Das Zentralkomitee (ZK) der Nationalgarde übernimmt die Macht, die bürgerliche Regierung flieht nach Versailles.</p>
<p><strong>19. März</strong> Nationalgarde ruft Wahlen für Paris aus. Freilassung aller politischen Gefangenen. Einige Kommunard*innen wollen Regierung in Versailles stürzen, solange die noch schwach ist. ZK der Nationalgarde lehnt das ab. Für Karl Marx u.a. einer von zwei großen Fehlern. Der zweite ist, die Bank von Frankreich nicht zu konfiszieren. In ihr liegen 3 Milliarden Francs. Davon zahlt sie an die Regierung 258 Mio., an die Kommune nur 16 Mio.</p>
<p><strong>20. März</strong> Drei Erlasse: Schuldenmoratorium, Kündigungsverbot von Mieter*innen, Aussetzung des Verkaufs von Pfandobjekten.</p>
<p><strong>22. März</strong> Ausrufung der Kommune in Lyon. Weitere Städte folgen, aber keine kann sich lange halten.</p>
<p><strong>26. März</strong> Wahlen zum Rat der Kommune, 500.000 Wahlberechtigte, die Hälfte wählt. In bürgerlichen Vierteln unter 25%, in proletarischen bis 76%. Frauen haben kein Wahlrecht.</p>
<p><strong>27. März</strong> Regierung in Versailles stellt Invasionsarmee auf, Preußen lässt dafür Kriegsgefangene frei.</p>
<p><strong>28. März</strong> Proklamierung der Kommune.</p>
<p><strong>29. März</strong> Erste Dekrete: Volksbewaffnung<br />
anstelle Armee, Mietstundung.<br />
Einige weitere: Höchst- / Mindestlohn, Trennung Staat und Kirche, Versorgung von Hinterbliebenen Gefallener, verlassene Betriebe an Arbeitergenossenschaften, freie Bildung.</p>
<p><strong>3. April</strong> Missglückter Angriff der Nationalgarde auf Versailles, Beginn der Kämpfe mit der Regierung, Regierung begeht erste Kriegsverbrechen.</p>
<p><strong>6. April</strong> Aufruf an die Provinz, die Pariser Kommune zu unterstützen, Verbrennung der Guillotine auf der Place Voltaire.</p>
<p><strong>9. April</strong> Regierung beginnt Paris zu bombardieren.</p>
<p><strong>11. April</strong> Bildung der Union des Femmes (Frauenbund).</p>
<p><strong>16. Mai</strong> Zerstörung der Vendôme-Säule.</p>
<p><strong>21. Mai</strong> Durch Verrat dringen Regierungstruppen in Paris ein, Beginn der Straßenkämpfe, Regierungstruppen massakrieren 20-30.000 Menschen.</p>
<p><strong>28. Mai</strong> Letzte Barrikade fällt, 40.000 Gefangene, 10.000 Verurteilungen, erst 1880 Amnestie.</p>
<div id="attachment_316" style="width: 250px" class="wp-caption alignleft"><a name="ref-02" href="https://pariserkommune.noblogs.org/files/2021/03/04_02_02.jpg"><img loading="lazy" decoding="async" aria-describedby="caption-attachment-316" class="wp-image-316" src="https://pariserkommune.noblogs.org/files/2021/03/04_02_02-237x300.jpg" alt="" width="240" height="303" srcset="https://pariserkommune.noblogs.org/files/2021/03/04_02_02-237x300.jpg 237w, https://pariserkommune.noblogs.org/files/2021/03/04_02_02.jpg 496w" sizes="auto, (max-width: 240px) 100vw, 240px" /></a><p id="caption-attachment-316" class="wp-caption-text">Plakat zum Dekret (Erlass) der Pariser Kommune vom 29. März 1871 über die Stundung von Mieten. <a href="#02">[2]</a></p></div>
<div id="attachment_315" style="width: 250px" class="wp-caption alignright"><a name="ref-03" href="https://pariserkommune.noblogs.org/files/2021/03/04_02_01.jpg"><img loading="lazy" decoding="async" aria-describedby="caption-attachment-315" class="wp-image-315" src="https://pariserkommune.noblogs.org/files/2021/03/04_02_01-193x300.jpg" alt="" width="240" height="373" srcset="https://pariserkommune.noblogs.org/files/2021/03/04_02_01-193x300.jpg 193w, https://pariserkommune.noblogs.org/files/2021/03/04_02_01.jpg 496w" sizes="auto, (max-width: 240px) 100vw, 240px" /></a><p id="caption-attachment-315" class="wp-caption-text">L‘Actualité Nr. 3, April 1871 mit dem Aufruf, der geflohenen Regierung nachzusetzten: „Nach Versailles! Da sind sie!“ des Karikaturisten G. Gaillard Fils. <a href="#03">[3]</a></p></div>
<div id="attachment_317" style="width: 887px" class="wp-caption alignnone"><a name="ref-04" href="https://pariserkommune.noblogs.org/files/2021/03/04_03_01.jpg"><img loading="lazy" decoding="async" aria-describedby="caption-attachment-317" class="wp-image-317 size-full" src="https://pariserkommune.noblogs.org/files/2021/03/04_03_01.jpg" alt="" width="877" height="517" srcset="https://pariserkommune.noblogs.org/files/2021/03/04_03_01.jpg 877w, https://pariserkommune.noblogs.org/files/2021/03/04_03_01-300x177.jpg 300w, https://pariserkommune.noblogs.org/files/2021/03/04_03_01-768x453.jpg 768w, https://pariserkommune.noblogs.org/files/2021/03/04_03_01-500x295.jpg 500w" sizes="auto, (max-width: 877px) 100vw, 877px" /></a><p id="caption-attachment-317" class="wp-caption-text">Trümmer der Vendôme-Säule, die am 16. Mai unter großem Beifall vor Tausenden Zuschauer*innen abgerissen wurde. Sie galt als „ein Symbol viehischer Gewalt und falschen Ruhmes, eine Bekräftigung des Militarismus,&#8230;“ (Dekret der Pariser Kommune, 12. April 1871) <a href="#04">[4]</a></p></div>
<p><img loading="lazy" decoding="async" class="youth-img" src="https://pariserkommune.noblogs.org/files/2021/03/marie_laurent.jpg" alt="" width="257" height="117" /></p>
<div class="youth-text youth-04">
<strong>Laurent:</strong> Weil die Miete so teuer war, haben bei uns regelmäßig fremde Leute gewohnt. Manchmal haben wir uns zu sechst ein Zimmer geteilt. Das war ganz schön anstrengend.<br />
<strong>Marie:</strong> Meine Mama hatte auch immer Sorgen wegen der Miete. Ich hab sie deswegen oft nachts heimlich seufzen hören.<br />
<strong>Laurent:</strong> Jetzt fliegt jedenfalls keiner mehr so schnell aus seiner Wohnung. Und außerdem stehen gerade ganz viele Wohnungen leer, denn viele Reiche haben seit der Belagerung die Stadt verlassen.<br />
<strong>Marie:</strong> Los, dann müssen wir uns die nehmen! Ich will ein Zimmer mit riesigen Fenstern, wo ich immer die Sonne sehen kann.
</div>
<div class="navi-box-c navi-bottom">
<div class="navi-box ta-start"><a href="https://pariserkommune.noblogs.org/?page_id=48" rel="noopener">&lt;&lt; Vorherige</a></div>
<div class="navi-box ta-end"><a href="https://pariserkommune.noblogs.org/files/2021/03/Roll-Up_04_web.pdf" target="_blank" rel="noopener">PDF</a></div>
<div class="navi-box ta-center" style="color: red">Deutsch</div>
<div class="navi-box ta-start"><a href="https://pariserkommune.noblogs.org/?page_id=197" rel="noopener">English</a></div>
<div class="navi-box ta-end"><a href="https://pariserkommune.noblogs.org/?page_id=55" rel="noopener">Nächste &gt;&gt;</a></div>
</div>
<div class="ref-box">
  <strong>Bildreferenzen:</strong><br />
  <a name="01" class="ref-link" href="#ref-01">[1] CC0 commons.wikimedia.org</a><br />
  <a name="02" class="ref-link" href="#ref-02">[2] CC0 Paris Musées / Musée Carnavalet &#8211; Histoire de Paris</a><br />
  <a name="03" class="ref-link" href="#ref-03">[3] CC0 commons.wikimedia.org</a><br />
  <a name="04" class="ref-link" href="#ref-04">[4] CC0 commons.wikimedia.org</a>
</div>

<p>&lt;&lt; Vorherige PDF Deutsch English Nächste &gt;&gt; Mit drei Zeilen stellte das Zentralkomitee Gerechtigkeit her, schlug Versailles, gewann Paris. Prosper Lissagaray (1838-1901), Journalist, Barrikadenkämpfer, in Geschichte der Pariser Commune von 1871 Anspielung auf die drei sozialen Erlasse des Zentralkomitees der &hellip; <a href="https://pariserkommune.noblogs.org/?page_id=53">Weiterlesen <span class="meta-nav">&rarr;</span></a></p>
