{"id":44,"date":"2020-12-30T13:45:16","date_gmt":"2020-12-30T12:45:16","guid":{"rendered":"http:\/\/pariserkommune.noblogs.org\/?page_id=44"},"modified":"2021-03-17T11:48:49","modified_gmt":"2021-03-17T10:48:49","slug":"frankreichs-geschichte-1789-1871","status":"publish","type":"page","link":"https:\/\/pariserkommune.noblogs.org\/?page_id=44","title":{"rendered":"Klassenk\u00e4mpfe in Frankreich 1789-1870"},"content":{"rendered":"<div class=\"navi-box-c\">\n<div class=\"navi-box ta-start\"><a href=\"https:\/\/pariserkommune.noblogs.org\/?page_id=98\" rel=\"noopener\">&lt;&lt; Vorherige<\/a><\/div>\n<div class=\"navi-box ta-end\"><a href=\"https:\/\/pariserkommune.noblogs.org\/files\/2021\/03\/Roll-Up_01_web.pdf\" target=\"_blank\" rel=\"noopener\">PDF<\/a><\/div>\n<div class=\"navi-box ta-center\" style=\"color: red\">Deutsch<\/div>\n<div class=\"navi-box ta-start\"><a href=\"https:\/\/pariserkommune.noblogs.org\/?page_id=193\" rel=\"noopener\">English<\/a><\/div>\n<div class=\"navi-box ta-end\"><a href=\"https:\/\/pariserkommune.noblogs.org\/?page_id=46\" rel=\"noopener\">N\u00e4chste &gt;&gt;<\/a><\/div>\n<\/div>\n<div class=\"qblock quote1\">\nDie Natur hat jedem Menschen ein gleiches Recht auf den Genuss aller G\u00fcter gegeben.<\/p>\n<div class=\"header-quote\">Gracchus Babeuf (1760 &#8211; 1797), Fr\u00fchsozialist und Gr\u00fcnder der Gesellschaft der Gleichen<\/div>\n<div class=\"quote-left\">&rdquo;<\/div>\n<div class=\"quote-right\">&ldquo;<\/div>\n<\/div>\n<div id=\"attachment_269\" style=\"width: 594px\" class=\"wp-caption alignnone\"><a name=\"ref-01\" href=\"https:\/\/pariserkommune.noblogs.org\/files\/2021\/03\/01_01_01.jpg\"><img loading=\"lazy\" decoding=\"async\" aria-describedby=\"caption-attachment-269\" class=\"wp-image-269 size-large\" src=\"https:\/\/pariserkommune.noblogs.org\/files\/2021\/03\/01_01_01-1024x574.jpg\" alt=\"\" width=\"584\" height=\"327\" srcset=\"https:\/\/pariserkommune.noblogs.org\/files\/2021\/03\/01_01_01-1024x574.jpg 1024w, https:\/\/pariserkommune.noblogs.org\/files\/2021\/03\/01_01_01-300x168.jpg 300w, https:\/\/pariserkommune.noblogs.org\/files\/2021\/03\/01_01_01-768x430.jpg 768w, https:\/\/pariserkommune.noblogs.org\/files\/2021\/03\/01_01_01-1536x861.jpg 1536w, https:\/\/pariserkommune.noblogs.org\/files\/2021\/03\/01_01_01-500x280.jpg 500w, https:\/\/pariserkommune.noblogs.org\/files\/2021\/03\/01_01_01.jpg 1658w\" sizes=\"auto, (max-width: 584px) 100vw, 584px\" \/><\/a><p id=\"caption-attachment-269\" class=\"wp-caption-text\">&#8222;Versailles schlemmt, Paris hungert&#8220; mit diesem Schlachtruf ziehen am 5. Oktober 1789 etwa 6.000 vorwiegend aus dem Arbeiterviertel Saint-Antoine stammende Frauen zum k\u00f6niglichen Schloss nach Versailles. Sie fordern K\u00f6nig Ludwig XVI. auf, sich unter die Kontrolle des Volkes nach Paris zu begeben. <a href=\"#01\">[1]<\/a><\/p><\/div>\n<div id=\"attachment_270\" style=\"width: 243px\" class=\"wp-caption alignleft\"><a name=\"ref-02\" href=\"https:\/\/pariserkommune.noblogs.org\/files\/2021\/03\/01_02_01.jpg\"><img loading=\"lazy\" decoding=\"async\" aria-describedby=\"caption-attachment-270\" class=\"wp-image-270 size-medium\" src=\"https:\/\/pariserkommune.noblogs.org\/files\/2021\/03\/01_02_01-233x300.jpg\" alt=\"\" width=\"233\" height=\"300\" srcset=\"https:\/\/pariserkommune.noblogs.org\/files\/2021\/03\/01_02_01-233x300.jpg 233w, https:\/\/pariserkommune.noblogs.org\/files\/2021\/03\/01_02_01.jpg 496w\" sizes=\"auto, (max-width: 233px) 100vw, 233px\" \/><\/a><p id=\"caption-attachment-270\" class=\"wp-caption-text\">Le Fermier br\u00fbl\u00e9 ou la famille pauvre (Der verbrannte Bauer oder die arme Familie) von Fran\u00e7ois Philippe Charpentier (1734-1817). <a href=\"#02\">[2]<\/a><br \/><\/p><\/div>\n<p>Ausgel\u00f6st durch die schmarotzerhafte Lebensweise von circa 200.000 Menschen (2 %) der franz\u00f6sischen Bev\u00f6lkerung im Besitz der politischen Macht (K\u00f6nig, Adel und Kirche), stand das feudale System Frankreichs ab 1774 vor dem permanenten Staatsbankrott. Die Krise f\u00fchrte zu Aufst\u00e4nden kleiner st\u00e4dtischer Ladenbesitzer*innen, Handwerker*innen und B\u00e4uerinnen und Bauern im Mehlkrieg und erlebte im Juli 1789 aufgrund von Missernten gestiegener Brotpreise ihren H\u00f6hepunkt.<\/p>\n<p>Am 17. Juni 1789 nutzte das im vorrevolution\u00e4ren Frankreich reich gewordene Gro\u00dfb\u00fcrgertum und der aufgekl\u00e4rte Adel die antifeudale Stimmung im Land zur Ausrufung einer verfassungsgebenden Nationalversammlung, in der sie die Mehrheit erringen konnten. Arbeiter*innen und Landbev\u00f6lkerung blieben aufgrund des steuerabh\u00e4ngigen Zensuswahlrechts weiterhin politisch ausgeschlossen.<\/p>\n<p>Die Republik wurde ausgerufen. Die konstitutionelle Verfassung von 1791 zementierte die errungenen b\u00fcrgerlichen Besitz- und Machtverh\u00e4ltnisse, Adel und Kirche verloren durch Abschaffung der Feudallasten ihre Privilegien, K\u00f6nig Ludwig XVI. 1793 gar seinen Kopf. Menschen- und B\u00fcrgerrechte wurden erstmals in eine Verfassung aufgenommen und zum Vorbild f\u00fcr das aufstrebende B\u00fcrgertum in allen europ\u00e4ischen L\u00e4ndern. Abgesichert wurde die Machtergreifung der franz\u00f6sischen Bourgeoisie durch die Revolutionskriege ab 1792, abgel\u00f6st durch die napoleonischen Kriege ab 1799 auf gesamteurop\u00e4ischer Ebene.<\/p>\n<h2>Restauration und Julirevolution<\/h2>\n<p>Nach der Niederlage Napoleons hievte der Wiener Kongress ab 1815 eine konstitutionelle Bourbonenmonarchie unter Ludwig XVIII. wieder in ihre alte Machtposition von 1791. Sie sah sich einem liberalem B\u00fcrgertum und mit der beginnenden Industrialisierung einem wachsendem, verarmten Proletariat gegen\u00fcber. Als Nachfolger Karl X. 1830 versuchte, das Parlament aufzul\u00f6sen, den Wahlzensus nach oben zu setzen und die Pressefreiheit weiter einzuschr\u00e4nken, erhob sich das liberal-bonapartistisch gesinnte B\u00fcrgertum. In den Juliaufst\u00e4nden (27.- 29. Juli 1830) zwangen Handwerker*innen, Arbeiter*innen und Studenten Karl X. zur Abdankung. Nach seiner Flucht nach England wurden die Unruhen der proletarischen Unterschicht in Paris durch das liberale Gro\u00dfb\u00fcrgertum um Thiers und Guizot brutal niedergeschlagen und der als B\u00fcrgerk\u00f6nig bezeichnete Louis Phillipe I. Eingesetzt.<\/p>\n<div id=\"attachment_271\" style=\"width: 594px\" class=\"wp-caption aligncenter\"><a name=\"ref-03\" href=\"https:\/\/pariserkommune.noblogs.org\/files\/2021\/03\/01_03_01.jpg\"><img loading=\"lazy\" decoding=\"async\" aria-describedby=\"caption-attachment-271\" class=\"wp-image-271 size-large\" src=\"https:\/\/pariserkommune.noblogs.org\/files\/2021\/03\/01_03_01-1024x565.jpg\" alt=\"\" width=\"584\" height=\"322\" srcset=\"https:\/\/pariserkommune.noblogs.org\/files\/2021\/03\/01_03_01-1024x565.jpg 1024w, https:\/\/pariserkommune.noblogs.org\/files\/2021\/03\/01_03_01-300x165.jpg 300w, https:\/\/pariserkommune.noblogs.org\/files\/2021\/03\/01_03_01-768x424.jpg 768w, https:\/\/pariserkommune.noblogs.org\/files\/2021\/03\/01_03_01-500x276.jpg 500w, https:\/\/pariserkommune.noblogs.org\/files\/2021\/03\/01_03_01.jpg 1077w\" sizes=\"auto, (max-width: 584px) 100vw, 584px\" \/><\/a><p id=\"caption-attachment-271\" class=\"wp-caption-text\">Der Liberale Alphonse de Lamartine (Bildmitte, mit erhobenem Arm) verwehrt am 25. Februar 1848 Sozialrevolution\u00e4ren mit der roten Fahne das Eindringen ins H\u00f4tel de Ville (Stadthaus) in Paris. <a href=\"#03\">[3]<\/a><\/p><\/div>\n<h2>1848\/49<\/h2>\n<p>Louis Phillipe konnte die europ\u00e4ische Wirtschaftskrise von 1847 nicht im Sinne des franz\u00f6sischen Kapitals l\u00f6sen und verweigerte b\u00fcrgerliche Wahlreformen. Die sozialen Forderungen des Proletariats waren seit 1789 unbeantwortet. In der Februarrevolution 1848 st\u00fcrzten beiden Klassen ein letztes Mal gemeinsam die Monarchie. Die daraufhin in Paris gew\u00e4hlte erste Kommune-Regierung aus Gro\u00dfbourgeoisie, Liberalen und Sozialisten konnte ebenfalls die Widerspr\u00fcche zwischen den Klassen nicht ausgleichen. Aus dem blutig niedergeschlagenen proletarischen Juniaufstand 1848 \u201eworin die erste gro\u00dfe Schlacht geliefert wurde zwischen den beiden Klassen, welche die moderne Gesellschaft spalten\u201c, so Karl Marx, ging wiederum das B\u00fcrgertum siegreich hervor. Die franz\u00f6sische Bourgeoisie stieg unter der sich anschlie\u00dfenden Herrschaft Napoleons III., die mit seiner Niederlage im deutsch-franz\u00f6sischen Krieg 1870\/71 endete, zur politisch und \u00f6konomisch herrschenden Kraft auf.<\/p>\n<p><img loading=\"lazy\" decoding=\"async\" class=\"youth-img\" src=\"https:\/\/pariserkommune.noblogs.org\/files\/2021\/03\/marie_laurent.jpg\" alt=\"\" width=\"257\" height=\"117\" \/><\/p>\n<div class=\"youth-text youth-01\"><strong>Marie:<\/strong> Bonjour, ich hei\u00dfe Marie. Ich lebe mit Mama, Papa und meinem gro\u00dfen Bruder Matthis in Belleville. Das ist ein Stadtteil von Paris. Gemeinsam mit anderen verteidigen Matthis und Papa eine der vielen Barrikaden in unserem Viertel. Ich bin grade auf dem Weg zu ihnen.<br \/>\n<strong>Laurent:<\/strong> Ich bin Laurent. Mein bester Freund ist Matthis. Im Krieg habe ich meine Eltern verloren aber hier in Belleville f\u00fchle ich mich nicht einsam.<br \/>\nIch mag dieses Stadtviertel sehr. Zwar sind die meisten Leute hier bitterarm aber wir helfen uns gegenseitig.\n<\/div>\n<div class=\"navi-box-c navi-bottom\">\n<div class=\"navi-box ta-start\"><a href=\"https:\/\/pariserkommune.noblogs.org\/?page_id=98\" rel=\"noopener\">&lt;&lt; Vorherige<\/a><\/div>\n<div class=\"navi-box ta-end\"><a href=\"https:\/\/pariserkommune.noblogs.org\/files\/2021\/03\/Roll-Up_01_web.pdf\" target=\"_blank\" rel=\"noopener\">PDF<\/a><\/div>\n<div class=\"navi-box ta-center\" style=\"color: red\">Deutsch<\/div>\n<div class=\"navi-box ta-start\"><a href=\"https:\/\/pariserkommune.noblogs.org\/?page_id=193\" rel=\"noopener\">English<\/a><\/div>\n<div class=\"navi-box ta-end\"><a href=\"https:\/\/pariserkommune.noblogs.org\/?page_id=46\" rel=\"noopener\">N\u00e4chste &gt;&gt;<\/a><\/div>\n<\/div>\n<div class=\"ref-box\">\n<strong>Bildreferenzen:<\/strong><br \/>\n<a name=\"01\" class=\"ref-link\" href=\"#ref-01\">[1] CC BY-SA 4.0 commons.wikimedia.org\/wiki\/User:SteveStrummer<\/a><br \/>\n<a name=\"02\" class=\"ref-link\" href=\"#ref-02\">[2] CC0 commons.wikimedia.org<\/a><br \/>\n<a name=\"03\" class=\"ref-link\" href=\"#ref-03\">[3] CC0 commons.wikimedia.org<\/a>\n<\/div>\n","protected":false},"excerpt":{"rendered":"<p>&lt;&lt; Vorherige PDF Deutsch English N\u00e4chste &gt;&gt; Die Natur hat jedem Menschen ein gleiches Recht auf den Genuss aller G\u00fcter gegeben. Gracchus Babeuf (1760 &#8211; 1797), Fr\u00fchsozialist und Gr\u00fcnder der Gesellschaft der Gleichen &rdquo; &ldquo; Ausgel\u00f6st durch die schmarotzerhafte Lebensweise &hellip; <a href=\"https:\/\/pariserkommune.noblogs.org\/?page_id=44\">Weiterlesen <span class=\"meta-nav\">&rarr;<\/span><\/a><\/p>\n","protected":false},"author":15881,"featured_media":0,"parent":0,"menu_order":0,"comment_status":"closed","ping_status":"closed","template":"","meta":{"_locale":"de_DE","_original_post":"http:\/\/pariserkommune.noblogs.org\/?page_id=44","footnotes":""},"class_list":["post-44","page","type-page","status-publish","hentry","de-DE"],"_links":{"self":[{"href":"https:\/\/pariserkommune.noblogs.org\/index.php?rest_route=\/wp\/v2\/pages\/44","targetHints":{"allow":["GET"]}}],"collection":[{"href":"https:\/\/pariserkommune.noblogs.org\/index.php?rest_route=\/wp\/v2\/pages"}],"about":[{"href":"https:\/\/pariserkommune.noblogs.org\/index.php?rest_route=\/wp\/v2\/types\/page"}],"author":[{"embeddable":true,"href":"https:\/\/pariserkommune.noblogs.org\/index.php?rest_route=\/wp\/v2\/users\/15881"}],"replies":[{"embeddable":true,"href":"https:\/\/pariserkommune.noblogs.org\/index.php?rest_route=%2Fwp%2Fv2%2Fcomments&post=44"}],"version-history":[{"count":17,"href":"https:\/\/pariserkommune.noblogs.org\/index.php?rest_route=\/wp\/v2\/pages\/44\/revisions"}],"predecessor-version":[{"id":698,"href":"https:\/\/pariserkommune.noblogs.org\/index.php?rest_route=\/wp\/v2\/pages\/44\/revisions\/698"}],"wp:attachment":[{"href":"https:\/\/pariserkommune.noblogs.org\/index.php?rest_route=%2Fwp%2Fv2%2Fmedia&parent=44"}],"curies":[{"name":"wp","href":"https:\/\/api.w.org\/{rel}","templated":true}]}}

Klassenkämpfe in Frankreich 1789-1870

<div class="navi-box-c">
<div class="navi-box ta-start"><a href="https://pariserkommune.noblogs.org/?page_id=98" rel="noopener">&lt;&lt; Vorherige</a></div>
<div class="navi-box ta-end"><a href="https://pariserkommune.noblogs.org/files/2021/03/Roll-Up_01_web.pdf" target="_blank" rel="noopener">PDF</a></div>
<div class="navi-box ta-center" style="color: red">Deutsch</div>
<div class="navi-box ta-start"><a href="https://pariserkommune.noblogs.org/?page_id=193" rel="noopener">English</a></div>
<div class="navi-box ta-end"><a href="https://pariserkommune.noblogs.org/?page_id=46" rel="noopener">Nächste &gt;&gt;</a></div>
</div>
<div class="qblock quote1">
Die Natur hat jedem Menschen ein gleiches Recht auf den Genuss aller Güter gegeben.</p>
<div class="header-quote">Gracchus Babeuf (1760 &#8211; 1797), Frühsozialist und Gründer der Gesellschaft der Gleichen</div>
<div class="quote-left">&rdquo;</div>
<div class="quote-right">&ldquo;</div>
</div>
<div id="attachment_269" style="width: 594px" class="wp-caption alignnone"><a name="ref-01" href="https://pariserkommune.noblogs.org/files/2021/03/01_01_01.jpg"><img loading="lazy" decoding="async" aria-describedby="caption-attachment-269" class="wp-image-269 size-large" src="https://pariserkommune.noblogs.org/files/2021/03/01_01_01-1024x574.jpg" alt="" width="584" height="327" srcset="https://pariserkommune.noblogs.org/files/2021/03/01_01_01-1024x574.jpg 1024w, https://pariserkommune.noblogs.org/files/2021/03/01_01_01-300x168.jpg 300w, https://pariserkommune.noblogs.org/files/2021/03/01_01_01-768x430.jpg 768w, https://pariserkommune.noblogs.org/files/2021/03/01_01_01-1536x861.jpg 1536w, https://pariserkommune.noblogs.org/files/2021/03/01_01_01-500x280.jpg 500w, https://pariserkommune.noblogs.org/files/2021/03/01_01_01.jpg 1658w" sizes="auto, (max-width: 584px) 100vw, 584px" /></a><p id="caption-attachment-269" class="wp-caption-text">&#8222;Versailles schlemmt, Paris hungert&#8220; mit diesem Schlachtruf ziehen am 5. Oktober 1789 etwa 6.000 vorwiegend aus dem Arbeiterviertel Saint-Antoine stammende Frauen zum königlichen Schloss nach Versailles. Sie fordern König Ludwig XVI. auf, sich unter die Kontrolle des Volkes nach Paris zu begeben. <a href="#01">[1]</a></p></div>
<div id="attachment_270" style="width: 243px" class="wp-caption alignleft"><a name="ref-02" href="https://pariserkommune.noblogs.org/files/2021/03/01_02_01.jpg"><img loading="lazy" decoding="async" aria-describedby="caption-attachment-270" class="wp-image-270 size-medium" src="https://pariserkommune.noblogs.org/files/2021/03/01_02_01-233x300.jpg" alt="" width="233" height="300" srcset="https://pariserkommune.noblogs.org/files/2021/03/01_02_01-233x300.jpg 233w, https://pariserkommune.noblogs.org/files/2021/03/01_02_01.jpg 496w" sizes="auto, (max-width: 233px) 100vw, 233px" /></a><p id="caption-attachment-270" class="wp-caption-text">Le Fermier brûlé ou la famille pauvre (Der verbrannte Bauer oder die arme Familie) von François Philippe Charpentier (1734-1817). <a href="#02">[2]</a><br /></p></div>
<p>Ausgelöst durch die schmarotzerhafte Lebensweise von circa 200.000 Menschen (2 %) der französischen Bevölkerung im Besitz der politischen Macht (König, Adel und Kirche), stand das feudale System Frankreichs ab 1774 vor dem permanenten Staatsbankrott. Die Krise führte zu Aufständen kleiner städtischer Ladenbesitzer*innen, Handwerker*innen und Bäuerinnen und Bauern im Mehlkrieg und erlebte im Juli 1789 aufgrund von Missernten gestiegener Brotpreise ihren Höhepunkt.</p>
<p>Am 17. Juni 1789 nutzte das im vorrevolutionären Frankreich reich gewordene Großbürgertum und der aufgeklärte Adel die antifeudale Stimmung im Land zur Ausrufung einer verfassungsgebenden Nationalversammlung, in der sie die Mehrheit erringen konnten. Arbeiter*innen und Landbevölkerung blieben aufgrund des steuerabhängigen Zensuswahlrechts weiterhin politisch ausgeschlossen.</p>
<p>Die Republik wurde ausgerufen. Die konstitutionelle Verfassung von 1791 zementierte die errungenen bürgerlichen Besitz- und Machtverhältnisse, Adel und Kirche verloren durch Abschaffung der Feudallasten ihre Privilegien, König Ludwig XVI. 1793 gar seinen Kopf. Menschen- und Bürgerrechte wurden erstmals in eine Verfassung aufgenommen und zum Vorbild für das aufstrebende Bürgertum in allen europäischen Ländern. Abgesichert wurde die Machtergreifung der französischen Bourgeoisie durch die Revolutionskriege ab 1792, abgelöst durch die napoleonischen Kriege ab 1799 auf gesamteuropäischer Ebene.</p>
<h2>Restauration und Julirevolution</h2>
<p>Nach der Niederlage Napoleons hievte der Wiener Kongress ab 1815 eine konstitutionelle Bourbonenmonarchie unter Ludwig XVIII. wieder in ihre alte Machtposition von 1791. Sie sah sich einem liberalem Bürgertum und mit der beginnenden Industrialisierung einem wachsendem, verarmten Proletariat gegenüber. Als Nachfolger Karl X. 1830 versuchte, das Parlament aufzulösen, den Wahlzensus nach oben zu setzen und die Pressefreiheit weiter einzuschränken, erhob sich das liberal-bonapartistisch gesinnte Bürgertum. In den Juliaufständen (27.- 29. Juli 1830) zwangen Handwerker*innen, Arbeiter*innen und Studenten Karl X. zur Abdankung. Nach seiner Flucht nach England wurden die Unruhen der proletarischen Unterschicht in Paris durch das liberale Großbürgertum um Thiers und Guizot brutal niedergeschlagen und der als Bürgerkönig bezeichnete Louis Phillipe I. Eingesetzt.</p>
<div id="attachment_271" style="width: 594px" class="wp-caption aligncenter"><a name="ref-03" href="https://pariserkommune.noblogs.org/files/2021/03/01_03_01.jpg"><img loading="lazy" decoding="async" aria-describedby="caption-attachment-271" class="wp-image-271 size-large" src="https://pariserkommune.noblogs.org/files/2021/03/01_03_01-1024x565.jpg" alt="" width="584" height="322" srcset="https://pariserkommune.noblogs.org/files/2021/03/01_03_01-1024x565.jpg 1024w, https://pariserkommune.noblogs.org/files/2021/03/01_03_01-300x165.jpg 300w, https://pariserkommune.noblogs.org/files/2021/03/01_03_01-768x424.jpg 768w, https://pariserkommune.noblogs.org/files/2021/03/01_03_01-500x276.jpg 500w, https://pariserkommune.noblogs.org/files/2021/03/01_03_01.jpg 1077w" sizes="auto, (max-width: 584px) 100vw, 584px" /></a><p id="caption-attachment-271" class="wp-caption-text">Der Liberale Alphonse de Lamartine (Bildmitte, mit erhobenem Arm) verwehrt am 25. Februar 1848 Sozialrevolutionären mit der roten Fahne das Eindringen ins Hôtel de Ville (Stadthaus) in Paris. <a href="#03">[3]</a></p></div>
<h2>1848/49</h2>
<p>Louis Phillipe konnte die europäische Wirtschaftskrise von 1847 nicht im Sinne des französischen Kapitals lösen und verweigerte bürgerliche Wahlreformen. Die sozialen Forderungen des Proletariats waren seit 1789 unbeantwortet. In der Februarrevolution 1848 stürzten beiden Klassen ein letztes Mal gemeinsam die Monarchie. Die daraufhin in Paris gewählte erste Kommune-Regierung aus Großbourgeoisie, Liberalen und Sozialisten konnte ebenfalls die Widersprüche zwischen den Klassen nicht ausgleichen. Aus dem blutig niedergeschlagenen proletarischen Juniaufstand 1848 „worin die erste große Schlacht geliefert wurde zwischen den beiden Klassen, welche die moderne Gesellschaft spalten“, so Karl Marx, ging wiederum das Bürgertum siegreich hervor. Die französische Bourgeoisie stieg unter der sich anschließenden Herrschaft Napoleons III., die mit seiner Niederlage im deutsch-französischen Krieg 1870/71 endete, zur politisch und ökonomisch herrschenden Kraft auf.</p>
<p><img loading="lazy" decoding="async" class="youth-img" src="https://pariserkommune.noblogs.org/files/2021/03/marie_laurent.jpg" alt="" width="257" height="117" /></p>
<div class="youth-text youth-01"><strong>Marie:</strong> Bonjour, ich heiße Marie. Ich lebe mit Mama, Papa und meinem großen Bruder Matthis in Belleville. Das ist ein Stadtteil von Paris. Gemeinsam mit anderen verteidigen Matthis und Papa eine der vielen Barrikaden in unserem Viertel. Ich bin grade auf dem Weg zu ihnen.<br />
<strong>Laurent:</strong> Ich bin Laurent. Mein bester Freund ist Matthis. Im Krieg habe ich meine Eltern verloren aber hier in Belleville fühle ich mich nicht einsam.<br />
Ich mag dieses Stadtviertel sehr. Zwar sind die meisten Leute hier bitterarm aber wir helfen uns gegenseitig.
</div>
<div class="navi-box-c navi-bottom">
<div class="navi-box ta-start"><a href="https://pariserkommune.noblogs.org/?page_id=98" rel="noopener">&lt;&lt; Vorherige</a></div>
<div class="navi-box ta-end"><a href="https://pariserkommune.noblogs.org/files/2021/03/Roll-Up_01_web.pdf" target="_blank" rel="noopener">PDF</a></div>
<div class="navi-box ta-center" style="color: red">Deutsch</div>
<div class="navi-box ta-start"><a href="https://pariserkommune.noblogs.org/?page_id=193" rel="noopener">English</a></div>
<div class="navi-box ta-end"><a href="https://pariserkommune.noblogs.org/?page_id=46" rel="noopener">Nächste &gt;&gt;</a></div>
</div>
<div class="ref-box">
<strong>Bildreferenzen:</strong><br />
<a name="01" class="ref-link" href="#ref-01">[1] CC BY-SA 4.0 commons.wikimedia.org/wiki/User:SteveStrummer</a><br />
<a name="02" class="ref-link" href="#ref-02">[2] CC0 commons.wikimedia.org</a><br />
<a name="03" class="ref-link" href="#ref-03">[3] CC0 commons.wikimedia.org</a>
</div>

<p>&lt;&lt; Vorherige PDF Deutsch English Nächste &gt;&gt; Die Natur hat jedem Menschen ein gleiches Recht auf den Genuss aller Güter gegeben. Gracchus Babeuf (1760 &#8211; 1797), Frühsozialist und Gründer der Gesellschaft der Gleichen &rdquo; &ldquo; Ausgelöst durch die schmarotzerhafte Lebensweise &hellip; <a href="https://pariserkommune.noblogs.org/?page_id=44">Weiterlesen <span class="meta-nav">&rarr;</span></a></p>
