{"id":19,"date":"2020-12-27T11:26:57","date_gmt":"2020-12-27T10:26:57","guid":{"rendered":"http:\/\/pariserkommune.noblogs.org\/?page_id=19"},"modified":"2025-04-27T13:36:35","modified_gmt":"2025-04-27T11:36:35","slug":"ausstellungsorte","status":"publish","type":"page","link":"https:\/\/pariserkommune.noblogs.org\/?page_id=19","title":{"rendered":"Ausstellungsorte"},"content":{"rendered":"<p><strong>Wanderausstellung 150 Jahre Pariser Kommune \u2013\u00a0Orte und Veranstaltungen<\/strong><\/p>\n<p>Wir w\u00fcrden uns sehr freuen die Ausstellung weiter zu zeigen. Wenn ihr Orte daf\u00fcr kennt, schreibt uns an\u00a0<a>pariserkommune@riseup.net<\/a><\/p>\n<p><strong>******************************************************<br \/>\n<\/strong><strong>An folgenden Orten wurde die Ausstellung schon gezeigt:<br \/>\n******************************************************<\/p>\n<p><img loading=\"lazy\" decoding=\"async\" class=\"aligncenter size-full wp-image-869\" src=\"https:\/\/pariserkommune.noblogs.org\/files\/2025\/04\/signal-2025-04-19-163308_SB.jpg\" alt=\"\" width=\"656\" height=\"492\" srcset=\"https:\/\/pariserkommune.noblogs.org\/files\/2025\/04\/signal-2025-04-19-163308_SB.jpg 656w, https:\/\/pariserkommune.noblogs.org\/files\/2025\/04\/signal-2025-04-19-163308_SB-300x225.jpg 300w, https:\/\/pariserkommune.noblogs.org\/files\/2025\/04\/signal-2025-04-19-163308_SB-400x300.jpg 400w\" sizes=\"auto, (max-width: 656px) 100vw, 656px\" \/> <img loading=\"lazy\" decoding=\"async\" class=\"aligncenter size-full wp-image-870\" src=\"https:\/\/pariserkommune.noblogs.org\/files\/2025\/04\/signal-2025-04-19-163313_SB.jpg\" alt=\"\" width=\"656\" height=\"875\" srcset=\"https:\/\/pariserkommune.noblogs.org\/files\/2025\/04\/signal-2025-04-19-163313_SB.jpg 656w, https:\/\/pariserkommune.noblogs.org\/files\/2025\/04\/signal-2025-04-19-163313_SB-225x300.jpg 225w\" sizes=\"auto, (max-width: 656px) 100vw, 656px\" \/><\/strong><strong>19.4.2025<\/strong><\/p>\n<p><strong>Infoladen Saarbr\u00fccken<\/strong><br \/>\nCommune<br \/>\nRotenhofstra\u00dfe 1<br \/>\n66111 Saarbr\u00fccken<\/p>\n<p><strong>19.4. Ausstellungser\u00f6ffnung<\/strong><br \/>\n16 Uhr Ausstellungser\u00f6ffnung<br \/>\n18 Uhr Lesung mit Florian Grams<\/p>\n<p><strong>************<\/strong><\/p>\n<p><img loading=\"lazy\" decoding=\"async\" class=\"aligncenter size-full wp-image-859\" src=\"https:\/\/pariserkommune.noblogs.org\/files\/2023\/02\/cafe_international.jpg\" alt=\"\" width=\"656\" height=\"390\" srcset=\"https:\/\/pariserkommune.noblogs.org\/files\/2023\/02\/cafe_international.jpg 656w, https:\/\/pariserkommune.noblogs.org\/files\/2023\/02\/cafe_international-300x178.jpg 300w, https:\/\/pariserkommune.noblogs.org\/files\/2023\/02\/cafe_international-500x297.jpg 500w\" sizes=\"auto, (max-width: 656px) 100vw, 656px\" \/><\/p>\n<p><strong>Fr., 23.12. \u2013 Fr., 27.1.2023 \/\/ Neuk\u00f6lln<\/strong><\/p>\n<p><strong>Treff International<\/strong><br \/>\nReuterstra\u00dfe 15<br \/>\n12053 Berlin-Neuk\u00f6lln<\/p>\n<p><strong>\u00d6ffnungszeiten:<\/strong><br \/>\nMi 18-19:30 Uhr<br \/>\nFr, Sa 18.30-21.30 Uhr<\/p>\n<p><strong>************<\/strong><\/p>\n<p><img loading=\"lazy\" decoding=\"async\" class=\"aligncenter wp-image-854 size-full\" src=\"https:\/\/pariserkommune.noblogs.org\/files\/2022\/12\/wolfgang-bensberg2_ausstellung_091122_Muenster.jpg\" alt=\"\" width=\"656\" height=\"390\" srcset=\"https:\/\/pariserkommune.noblogs.org\/files\/2022\/12\/wolfgang-bensberg2_ausstellung_091122_Muenster.jpg 656w, https:\/\/pariserkommune.noblogs.org\/files\/2022\/12\/wolfgang-bensberg2_ausstellung_091122_Muenster-300x178.jpg 300w, https:\/\/pariserkommune.noblogs.org\/files\/2022\/12\/wolfgang-bensberg2_ausstellung_091122_Muenster-500x297.jpg 500w\" sizes=\"auto, (max-width: 656px) 100vw, 656px\" \/><\/p>\n<p><strong>Mi., 9.11. \u2013 So., 20.11.2022 \/\/ M\u00fcnster<\/strong><\/p>\n<p><strong>Bennohaus<\/strong><br \/>\nBennostra\u00dfe 5<br \/>\n48155 M\u00fcnster<br \/>\n<a href=\"https:\/\/bennohaus.de\">bennohaus.de<\/a><\/p>\n<p><strong>\u00d6ffnungszeiten:<\/strong><br \/>\nw\u00e4hrend s\u00e4mtlicher \u00d6ffnungszeiten des Bennohauses<\/p>\n<p><strong>Wegbeschreibung<\/strong><br \/>\nVon der Bushaltestelle \u201eLiboristra\u00dfe&#8220; rechts an der ARAL-Tankstelle vorbei in die Liboristra\u00dfe und dann rechts ab in die Bennostra\u00dfe. Die Ausstellung ist im Saal im dritten Stock zu sehen.<\/p>\n<p><strong>Veranstalter<\/strong><br \/>\n<a href=\"https:\/\/m\u00fcnster-ist-bunt.de\">M\u00fcnsterliste \u2013 bunt und international e.V.<\/a><\/p>\n<p><strong>Programm<\/strong><\/p>\n<p><strong>Freitag, 11.11., 19 Uhr, Bennohaus<br \/>\nGeschichte der Pariser Kommune<br \/>\n<\/strong>Lesung mit Florian Grams<\/p>\n<p><strong>Samstag, 12.11., 20 Uhr, Trafostation<br \/>\nLieder der Pariser Kommune<br \/>\n<\/strong>Die Grenzg\u00e4nger, Eintritt 15 Euro<\/p>\n<p><strong>Montag, 14.11., 19 Uhr, Bennohaus<br \/>\nDer B\u00fcrgerrat in Aachen<br \/>\n<\/strong>Vorgeschichte und Umsetzung, Infos von und Diskussion mit Katja Mayer (Initiative Aachen)<\/p>\n<p><strong>Freitag, 18.11., 19 Uhr, Bennohaus<br \/>\nPariser Kommune, Deutsche Revolution und R\u00e4tedemokratie<br \/>\n<\/strong>Vortrag von Dr. Gaadt Kets (Nijmegen), der \u00fcber die Arbeiterr\u00e4te in Deutschland promoviert hat<\/p>\n<p><strong>Samstag, 19.11., 10-16 Uhr, Bennohaus<br \/>\nWorkshop Kommunalismus<br \/>\n<\/strong>U.a. mit Gaadt Kets (Nijmegen) und Marc Schaffner (Basel) zu den Themen Soziale \u00d6kologie, Murray Bookchin, Munizipalismus, Rojava, Rebellische St\u00e4dte, Zapatista, Barcelona, Konkreter Kommunalismus<br \/>\n<b>Anmeldung: <\/b><a href=\"http:\/\/mail@m\u00fcnster-ist-bunt.de\">mail@m\u00fcnster-ist-bunt.de<\/a><\/p>\n<p><strong>************<\/strong><\/p>\n<p><img loading=\"lazy\" decoding=\"async\" class=\"aligncenter size-full wp-image-843\" src=\"https:\/\/pariserkommune.noblogs.org\/files\/2022\/11\/dragonerareal.jpg\" alt=\"\" width=\"656\" height=\"351\" srcset=\"https:\/\/pariserkommune.noblogs.org\/files\/2022\/11\/dragonerareal.jpg 656w, https:\/\/pariserkommune.noblogs.org\/files\/2022\/11\/dragonerareal-300x161.jpg 300w, https:\/\/pariserkommune.noblogs.org\/files\/2022\/11\/dragonerareal-500x268.jpg 500w\" sizes=\"auto, (max-width: 656px) 100vw, 656px\" \/><\/p>\n<p><strong>FR., 22.7. \u2013 So., 28.8.2022 \/\/ Kreuzberg<\/strong><\/p>\n<p><strong>Kiezraum Ost des Garde Dragonerareal<\/strong><br \/>\nMehringdamm 19 F<br \/>\n10961 Berlin-Kreuzberg<\/p>\n<p><strong>\u00d6ffnungszeiten:<\/strong><br \/>\nDo-So 16-20 Uhr<\/p>\n<p><strong>Wegbeschreibung<\/strong><br \/>\nNeben Mustafas Schlangend\u00f6ner durchs S\u00fcdtor bis zur inneren Strasse hinter dem Finanzamt gehen, dann rechts und die n\u00e4chste M\u00f6glichkeit links rein durch den Kiezgarten \/ Fu\u00dfweg vor gelbem Klinker Kopfbau; siehe Aufsteller \u00b4tee\/lit.laube\u00b4<\/p>\n<p><strong>Veranstalter<\/strong><br \/>\nInitiative KlimaKunsthallen Berlin, ini klikh b<br \/>\nin Kooperation mit AG Raum GDA, Garde Dragonerareal<\/p>\n<p><strong>Programm<\/strong><\/p>\n<p><strong>KW 29 \u2013 HISTORIE \/ ZEITGEIST &#8212; vernissage freitag<\/strong><br \/>\nfr, 22.7. &#8211; son, 24.7.22, jeweils 16 \u2013 20 uhr<br \/>\n&#8211; vernissage 16 bis 22 uhr &#8211;<br \/>\n&#8212;<br \/>\n<strong>KW 30 \u2013 ZEITGEIST \/ RESONANZ &#8212; wissensaustausch<\/strong><br \/>\ndon, 28.7. &#8211; son, 31.7.22, jeweils 16 \u2013 20 uhr<br \/>\n&#8212;<br \/>\n<strong>KW 31 \u2013 PARIS &#8212; erz\u00e4hlrunde, erfahrungs-, wissensaustausch<\/strong><br \/>\ndon, 4.8. &#8211; son, 7.8.22, jeweils 16 \u2013 20 uhr<br \/>\n&#8212;<br \/>\n<strong>KW 32 &#8211; KOMMUNE &#8212; erz\u00e4hlrunde, erfahrungs-, wissensaustausch<\/strong><br \/>\n&#8211; evtl. beitrag zu K2 in b-neuk\u00f6lln, 1968, u.a.<br \/>\ndon, 11.8. &#8211; son, 14.8.22, jeweils 16 \u2013 20 uhr<br \/>\n&#8212;<br \/>\n<strong>KW 33 &#8212; ZEITGEIST \/ RESONANZ &#8212; fotos, beitr\u00e4ge, austausch<\/strong><br \/>\n&#8211; back to nature, christa biedermann, fotoausstellung<br \/>\n&#8211; don, 18.8. &#8211; son, 21.8.22, 16 \u2013 20 uhr<br \/>\n&#8211; monte verit\u00e1, CH \/ bbger landkommunen, ab 1871 \/ 1890<br \/>\n&#8211; beitrag (aktionskunst, literatur) hermione m\u00fcnch-pohli<br \/>\nam fre, 19.8.22 ca. 18 uhr<br \/>\n&#8211; back to nature, christa biedermann,<br \/>\n&#8211; beitrag (film, performance) am sbd, 20.8.22 ab ca. 19 uhr<br \/>\n&#8211; horizontale und vertikale resonanz nach hartmut rose<br \/>\n&#8211; <del>beitrag susanne lutz, einf\u00fchrung mit aktionskunst zum mitmachen<\/del><br \/>\n<del>am son, 21.8.22 ab ca. 18 uhr<\/del> F\u00e4llt leider aus<br \/>\n&#8212;<br \/>\n<strong>KW 34 &#8212; HISTORIE \/ VISION &#8212; vorlfge beitr\u00e4ge der AG raum<\/strong><br \/>\n&#8212;<br \/>\n&#8211; \u00b4freie kommune kreuzberg\u00b4 &#8212; realit\u00e4t und vision\u00a0am don, 25.8.22 ab 19 uhr<\/p>\n<p><strong>************<\/strong><\/p>\n<p><img loading=\"lazy\" decoding=\"async\" class=\"aligncenter size-full wp-image-823\" src=\"https:\/\/pariserkommune.noblogs.org\/files\/2022\/05\/olga_benario_blog2.jpg\" alt=\"\" width=\"656\" height=\"281\" srcset=\"https:\/\/pariserkommune.noblogs.org\/files\/2022\/05\/olga_benario_blog2.jpg 656w, https:\/\/pariserkommune.noblogs.org\/files\/2022\/05\/olga_benario_blog2-300x129.jpg 300w, https:\/\/pariserkommune.noblogs.org\/files\/2022\/05\/olga_benario_blog2-500x214.jpg 500w\" sizes=\"auto, (max-width: 656px) 100vw, 656px\" \/><\/p>\n<p><strong>Mo., 10.1. \u2013 Do., 30.4.2022 \/\/ Neuk\u00f6lln<\/strong><\/p>\n<p><strong>Galerie Olga Benario<\/strong><br \/>\nRichardstr. 104<br \/>\n12043 Berlin-Neuk\u00f6lln<br \/>\n<a href=\"http:\/\/galerie-olga-benario.de\">galerie-olga-benario.de<\/a><\/p>\n<p><strong>\u00d6ffnungszeiten:<\/strong><br \/>\nMo, Di, Do, Fr 15-19 Uhr und auf Anfrage<br \/>\nnach telefonischer Anmeldung<br \/>\nin der Biografischen Bibliothek Tel. 030 680 59 387<\/p>\n<p><strong>************<\/strong><\/p>\n<p><img loading=\"lazy\" decoding=\"async\" class=\"aligncenter size-full wp-image-802\" src=\"https:\/\/pariserkommune.noblogs.org\/files\/2021\/12\/fu_07-e1639674797220.jpg\" alt=\"\" width=\"656\" height=\"369\" \/><\/p>\n<p><strong>Do., 25.11. \u2013 Mi., 15.12.2021 \/\/ Dahlem<\/strong><\/p>\n<p><strong>Freie Universit\u00e4t Berlin<\/strong><br \/>\nHabelschwerdter Allee 45<br \/>\n14195 Berlin<br \/>\nzwischen H\u00f6rsaal 1a\/b und Mensa<\/p>\n<p><strong>\u00d6ffnungszeiten:<br \/>\n<\/strong>Mo. &#8211; Sa. 7-22 Uhr<\/p>\n<p><strong>************<\/strong><\/p>\n<p><img loading=\"lazy\" decoding=\"async\" class=\"aligncenter size-full wp-image-796\" src=\"https:\/\/pariserkommune.noblogs.org\/files\/2021\/11\/sfe.jpg\" alt=\"\" width=\"656\" height=\"435\" srcset=\"https:\/\/pariserkommune.noblogs.org\/files\/2021\/11\/sfe.jpg 656w, https:\/\/pariserkommune.noblogs.org\/files\/2021\/11\/sfe-300x199.jpg 300w, https:\/\/pariserkommune.noblogs.org\/files\/2021\/11\/sfe-452x300.jpg 452w\" sizes=\"auto, (max-width: 656px) 100vw, 656px\" \/><\/p>\n<p><strong>Do., 18.11. \u2013 Mi., 24.11.2021 \/\/ Kreuzberg<\/strong><\/p>\n<p><strong>SFE Berlin: Schule f\u00fcr\u00a0Erwachsenenbildung e.V.<\/strong><br \/>\nGneisenaustra\u00dfe 2a<br \/>\n10961 Berlin<br \/>\n<a href=\"https:\/\/www.sfeberlin.de\">www.sfeberlin.de<\/a><\/p>\n<p><strong>\u00d6ffnungszeiten:<br \/>\n<\/strong>Nicht \u00f6ffentlich, schulintern<\/p>\n<p><strong>Freitag, 19.11., 15-17 Uhr<br \/>\n<\/strong><strong>Vortrag und Diskussionsveranstaltung mit Sch\u00fcler*innen<br \/>\n<\/strong>Mit Christopher Wimmer, zusammen mit Detlef Hartmann Autor von Die Kommune vor der Kommune 1870\/71 und einem Mitglied des Ausstellungskollektivs<\/p>\n<p><strong>************<\/strong><\/p>\n<p><img loading=\"lazy\" decoding=\"async\" class=\"aligncenter size-full wp-image-789\" src=\"https:\/\/pariserkommune.noblogs.org\/files\/2021\/11\/wedding_2-e1637245873395.jpg\" alt=\"\" width=\"656\" height=\"369\" \/><\/p>\n<p><strong>Do., 4.11. \u2013 Mi., 17.11.2021 \/\/ Wedding<\/strong><\/p>\n<p><strong>Kommune 65<\/strong><br \/>\nButtmannstr. 1A<br \/>\n13357 Berlin-Wedding<br \/>\n<a href=\"http:\/\/kiezkommune.org\">kiezkommune.org<\/a><\/p>\n<p><strong>\u00d6ffnungszeiten:<br \/>\n<\/strong>Mo., Fr., Sa. 14-18 Uhr<\/p>\n<p><strong>Donnerstag, 4.11., 20 Uhr<br \/>\n<\/strong><strong>Kiezkommune, was ist das?<br \/>\n<\/strong>Die Kiezkommune Wedding stellt das Konzept Kiezkommune vor. \u00dcber die Entstehung, den aktuellen Stand bis zur Perspektive f\u00fcr die Zukunft.<\/p>\n<p><strong>Freitag, 12.11., 19 Uhr<br \/>\nDie Tage der Kommune (Filmvorf\u00fchrung)<br \/>\n<\/strong>Aufzeichnung des gleichnamigen Theaterst\u00fcckes von Bertolt Brecht am Berliner Ensemble von 1966.<\/p>\n<p><strong>************<\/strong><\/p>\n<p><img loading=\"lazy\" decoding=\"async\" class=\"aligncenter size-full wp-image-783\" src=\"https:\/\/pariserkommune.noblogs.org\/files\/2021\/11\/kiezladen_sonnenalle.jpg\" alt=\"\" width=\"656\" height=\"492\" srcset=\"https:\/\/pariserkommune.noblogs.org\/files\/2021\/11\/kiezladen_sonnenalle.jpg 656w, https:\/\/pariserkommune.noblogs.org\/files\/2021\/11\/kiezladen_sonnenalle-300x225.jpg 300w, https:\/\/pariserkommune.noblogs.org\/files\/2021\/11\/kiezladen_sonnenalle-400x300.jpg 400w\" sizes=\"auto, (max-width: 656px) 100vw, 656px\" \/><\/p>\n<p><strong>Fr., 22.10. \u2013 Mi., 3.11.2021 \/\/ Neuk\u00f6lln<\/strong><\/p>\n<p><strong>Kiezladen auf der Sonnenallee<br \/>\n<\/strong>Sonnenallee 154<br \/>\n12059 Berlin-Neuk\u00f6lln<br \/>\n<a href=\"http:\/\/kiezladen.org\">kiezladen.org<\/a><\/p>\n<p><strong>\u00d6ffnungszeiten:<br \/>\n<\/strong>Mi. 10-18 Uhr<br \/>\nFr., So. 12-19 Uhr<\/p>\n<p><strong>Dienstag, 26.10., 19 Uhr<br \/>\nResonanz Demochor<\/strong><br \/>\nChor mit mit revolution\u00e4rer Musik (coronakonform).<\/p>\n<p><strong>************<\/strong><\/p>\n<p><img loading=\"lazy\" decoding=\"async\" class=\"aligncenter size-full wp-image-778\" src=\"https:\/\/pariserkommune.noblogs.org\/files\/2021\/10\/WB13_ausstellung.jpg\" alt=\"\" width=\"656\" height=\"369\" srcset=\"https:\/\/pariserkommune.noblogs.org\/files\/2021\/10\/WB13_ausstellung.jpg 656w, https:\/\/pariserkommune.noblogs.org\/files\/2021\/10\/WB13_ausstellung-300x169.jpg 300w, https:\/\/pariserkommune.noblogs.org\/files\/2021\/10\/WB13_ausstellung-500x281.jpg 500w\" sizes=\"auto, (max-width: 656px) 100vw, 656px\" \/><\/p>\n<p><strong>Do, 7.10. \u2013 Mi., 20.10.2021 \/\/ Hohensch\u00f6nhausen<\/strong><\/p>\n<p><strong>WB 13<br \/>\n<\/strong>Am Berl 13<br \/>\n13051 Berlin-Hohensch\u00f6nhausen<br \/>\n<a href=\"http:\/\/wb13.org\">wb13.org<\/a><\/p>\n<p><strong>\u00d6ffnungszeiten:<br \/>\n<\/strong>Do., Fr., So. 17-21 Uhr<br \/>\nAu\u00dfer \u00a0am Freitag, den 15.10., da sehen wir uns alle zur Verhinderung der R\u00e4umung vom K\u00f6pi-Wagenplatz (<a href=\"https:\/\/twitter.com\/KopiBleibt\">@KopiBleibt<\/a>).<\/p>\n<p><strong>Donnerstag, 7.10., 19 Uhr<br \/>\nGro\u00dfe Ausstellungser\u00f6ffnung \u201eKommune meets Plattenbau\u201c<\/strong><\/p>\n<p><strong>************<\/strong><\/p>\n<p><img loading=\"lazy\" decoding=\"async\" class=\"aligncenter size-full wp-image-774\" src=\"https:\/\/pariserkommune.noblogs.org\/files\/2021\/10\/MdK_2-e1633593733132.jpg\" alt=\"\" width=\"565\" height=\"318\" \/><\/p>\n<p><strong>Do., 23.9. \u2013 Mi., 6.10.2021 \/\/ Kreuzberg<\/strong><\/p>\n<p><strong>Museum des Kapitalismus<br \/>\n<\/strong>K\u00f6penicker Str. 172<br \/>\n10997 Berlin-Kreuzberg<br \/>\n<a href=\"http:\/\/museumdeskapitalismus.de\">museumdeskapitalismus.de<\/a><\/p>\n<p><strong>\u00d6ffnungszeiten:<br \/>\n<\/strong>Do. 17-20 Uhr<br \/>\nSa. 14-18 Uhr<\/p>\n<p><strong>Donnerstag, 23.9., 19 Uhr<br \/>\nVon der Pariser Commune nach Syrien<\/strong><br \/>\n<em>Mit Almut Birken (Autorin, Wissenschaftlerin) und Sophie Bischoff von adopt a revolution<\/em><br \/>\n\u201eWir sind nichts weniger als die Pariser Commune\u201c sagte Omar Aziz 2012, ein Jahr nach dem Ausbruch der Revolution in Syrien. Jenseits von dem eher bekannteren Rojava\/Nordsyrien gab es \u00fcber das gesamte Land verteilt von 2012 an massenhaft lokale R\u00e4te. Indem die Menschen ihren Alltag in die eigenen H\u00e4nde nahmen, entstanden auf Grundlage der Kooperation in R\u00e4ten neue soziale R\u00e4ume. Welchen Platz bekommt Syrien in einer linken Revolutionsgeschichte?<\/p>\n<p><strong>Freitag, 1.10., 19 Uhr<br \/>\n<\/strong><strong>Guillaume Paoli liest aus seinem Buch Soziale Gelbsucht, anschlie\u00dfend Diskussion<br \/>\n<\/strong>Seit November 2018 befindet sich das neoliberale System der 5. franz\u00f6sischen Republik in einer offenen Legitimationskrise. Ausgel\u00f6st von einer Benzinpreiserh\u00f6hung, besetzten Gelbwesten landesweit Verkehrsinseln, um die gesellschaftliche Achtung derjenigen einzufordern, die tagt\u00e4glich den gesellschaftlichen Reichtum schaffen.<br \/>\n<strong><a href=\"https:\/\/youtu.be\/bU5JdCrgZMc\">&gt;&gt; Video der Veranstaltung<\/a><\/strong><\/p>\n<p><strong>************<\/strong><\/p>\n<p><img loading=\"lazy\" decoding=\"async\" class=\"aligncenter size-full wp-image-769\" src=\"https:\/\/pariserkommune.noblogs.org\/files\/2021\/09\/thalia_1-e1632255257291.jpg\" alt=\"\" width=\"565\" height=\"318\" \/><\/p>\n<p><strong>Fr., 17.9. \u2013 Sa., 20.9.2021 \/\/ Potsdam<\/strong><\/p>\n<p><strong>Thalia Programmkinos Potsdam<\/strong><br \/>\nRudolf-Breitscheid-Stra\u00dfe 50<br \/>\n14482 Potsdam<br \/>\n<span style=\"color: #000080\"><span lang=\"zxx\"><u><a href=\"http:\/\/www.thalia-potsdam.de\/\">www.thalia-potsdam.de<\/a><\/u><\/span><\/span><\/p>\n<p><strong>\u00d6ffnungszeiten:<\/strong><br \/>\nFr.-Sa. 18-22 Uhr<br \/>\nSo. 10.30-12.30 und 17-18.30 Uhr<br \/>\nMo. 17-19 Uhr<\/p>\n<p><strong>Freitag, 17.9., ab 18 Uhr Filmabend<\/strong><br \/>\n<a href=\"https:\/\/www.thalia-potsdam.de\/einmalig\/150-jahre-pariser-kommune\/\">https:\/\/www.thalia-potsdam.de\/einmalig\/150-jahre-pariser-kommune\/<\/a><\/p>\n<p><strong>18.15 Uhr: Schmetterlinge \u2013 Pariser Kommune (55 Minuten)<\/strong><br \/>\nDas Kapitel Die Pariser Kommune von dem Album Proletenpassion der\u00a0Schmetterlinge auf die B\u00fchne gebracht. Eine ORF-Produktion von 1978.<br \/>\n<a href=\"https:\/\/www.youtube.com\/watch?v=TnzKjA2LMeY\">https:\/\/www.youtube.com\/watch?v=TnzKjA2LMeY<\/a><\/p>\n<p><strong>20.30 Uhr: Louise Hires a Contract Killer (Frankreich, 2009)<\/strong><br \/>\nOriginaltitel: Louise-Michel (und ihr gewidmet)<br \/>\nAnarcho-Kom\u00f6die<br \/>\nGestern gab&#8217;s noch Geschenke vom Chef. Jetzt steht die Fabrikhalle leer:\u00a0die Maschinen nach Asien verschifft, die wackere Frauentruppe\u00a0verschaukelt. Was tun mit der Abfindung? Louise hebt den Finger: &#8222;Das\u00a0reicht f\u00fcr &#8217;nen Profi &#8211; lasst uns den Boss abknallen!&#8220; Gesagt, getan.\u00a0Nur dass Wachmann Michel vom Trailerpark, auf den Louises Wahl f\u00e4llt,\u00a0keine Ahnung vom Schiessen hat<br \/>\nTrailer <a href=\"https:\/\/de.labournet.tv\/video\/6293\/louise-hires-contract-killer\">https:\/\/de.labournet.tv\/video\/6293\/louise-hires-contract-killer<\/a><\/p>\n<p>In Zusammenarbeit mit Inwole \u2013 Verein zur F\u00f6rderung innovativer Wohn-\u00a0und Lebensformen e.V. (<a href=\"http:\/\/www.inwole.de\/\">www.inwole.de<\/a>)<\/p>\n<p><strong>************<\/strong><\/p>\n<p><img loading=\"lazy\" decoding=\"async\" class=\"aligncenter size-full wp-image-759\" src=\"https:\/\/pariserkommune.noblogs.org\/files\/2021\/09\/Jugenwiderstandsmuseum1-e1631725504296.jpg\" alt=\"\" width=\"565\" height=\"318\" \/><\/p>\n<p><strong>Fr., 3.9. \u2013 Mi., 15.9.2021 \/\/ Friedrichshain<\/strong><\/p>\n<p><strong>Jugendwiderstandsmuseum<\/strong><br \/>\nRigaer Str. 9\/10<br \/>\n10247 Berlin-Friedrichshain<br \/>\n<a href=\"http:\/\/www.widerstandsmuseum.de\">www.widerstandsmuseum.de<\/a><\/p>\n<p><strong>\u00d6ffnungszeiten:<\/strong><br \/>\nMo.-Fr. 10-18 Uhr<br \/>\n(bzw. bis Beginn der Veranstaltung)<\/p>\n<p><strong>Freitag, 3.9., 19 Uhr<\/strong><br \/>\n<strong>Nur in Paris?<\/strong><br \/>\n<em>Mit Christopher Wimmer, zusammen mit Detlef Hartmann Autor von Die Kommune vor der Kommune 1870\/71<\/em><br \/>\nBereits vor der Pariser Kommune wird in St\u00e4dten wie Lyon, Marseille oder Le Creusot die Kommune ausgerufen. Diese aufst\u00e4ndischen Bewegungen gr\u00fcnden in den sozialen K\u00e4mpfen der 1860er Jahre in Frankreich. Christopher Wimmer sp\u00fcrt diesen K\u00e4mpfen in der franz\u00f6sischen Provinz ebenso nach wie in Aufst\u00e4nden in den Kolonien. Er weitet den Blick von unten und zeichnet ein genaueres Bild der Klassenk\u00e4mpfe des 19. Jahrhunderts.<br \/>\n<strong><a href=\"https:\/\/youtu.be\/VUqn0ukEHZM\">&gt;&gt; Video der Veranstaltung<\/a><\/strong><\/p>\n<p><strong>************<\/strong><\/p>\n<p><img loading=\"lazy\" decoding=\"async\" class=\"aligncenter size-full wp-image-755\" src=\"https:\/\/pariserkommune.noblogs.org\/files\/2021\/08\/refo.jpg\" alt=\"\" width=\"656\" height=\"369\" srcset=\"https:\/\/pariserkommune.noblogs.org\/files\/2021\/08\/refo.jpg 656w, https:\/\/pariserkommune.noblogs.org\/files\/2021\/08\/refo-300x169.jpg 300w, https:\/\/pariserkommune.noblogs.org\/files\/2021\/08\/refo-500x281.jpg 500w\" sizes=\"auto, (max-width: 656px) 100vw, 656px\" \/><\/p>\n<p><strong>Mi., 25.8. \u2013 So., 29.8.2021 \/\/ Moabit<\/strong><\/p>\n<p><strong>Refo Moabit \u2013 Kirche im Kiez e.V.<\/strong><br \/>\nReformationskirche<br \/>\nWiclefstra\u00dfe 32<br \/>\n10551 Berlin-Moabit<br \/>\n<span style=\"color: #000080\"><span lang=\"zxx\"><u><a href=\"http:\/\/www.refo-moabit.de\/\">www.refo-moabit.de<\/a><\/u><\/span><\/span><\/p>\n<p><strong>\u00d6ffnungszeiten:<\/strong><br \/>\nMi.-Do. 15-18 Uhr<br \/>\nFr.-So. 15-19 Uhr<\/p>\n<p><strong>Samstag, 28.8., 19 Uhr<br \/>\n<\/strong><strong>Auftaktveranstaltung mit Florian Grams<br \/>\n<\/strong>Florian Grams ist Historiker und Autor des Buchs Die Pariser Kommune, erschienen im Papyrossa-Verlag. Er stellt den historischen Hintergrund und Verlauf der Pariser Kommune dar. Anschlie\u00dfend wollen wir gemeinsam die Bedeutung der Pariser Kommune f\u00fcr heute diskutieren.<br \/>\n<strong><a href=\"https:\/\/youtu.be\/9eENvt3WmNs\">&gt;&gt; Video der Veranstaltung<\/a><\/strong><\/p>\n<p><strong>************<\/strong><\/p>\n<p><img loading=\"lazy\" decoding=\"async\" class=\"aligncenter size-full wp-image-734\" src=\"https:\/\/pariserkommune.noblogs.org\/files\/2021\/07\/image002.png\" alt=\"\" width=\"242\" height=\"108\" \/><\/p>\n<p><strong>8.7.-29.7.2021<br \/>\n<\/strong>Mittwoch bis Sonntag 10-18 Uhr und zu Veranstaltungen<strong><br \/>\n<\/strong><\/p>\n<p><strong>Caf\u00e9 Sibylle<\/strong><br \/>\nKarl-Marx-Allee 72<br \/>\n10243 Berlin<\/p>\n<p><strong>Do., 8.7., 18 Uhr<\/strong><br \/>\nLesung zu 150 Jahren Pariser Kommune<br \/>\n<strong>Zufall oder geschichtliches Erbe?<\/strong><br \/>\n<strong>Von der Fruchtstra\u00dfe zur Stra\u00dfe der Pariser Kommune<\/strong><br \/>\nHanno Hochmuth liest aus seinem Buch Kiezgeschichte. Friedrichshain und Kreuzberg im geteilten Berlin mit anschlie\u00dfender Diskussion. Bewohner aus der Stra\u00dfe der Pariser Kommune bekommen ein Freigetr\u00e4nk. Bewohner, die 1971 bei der Umbenennung der Fruchtstra\u00dfe in Stra\u00dfe der Pariser Kommune dort schon gewohnt haben, bekommen Kaffee und Kuchen.<\/p>\n<p><strong>************<\/strong><\/p>\n<p><img loading=\"lazy\" decoding=\"async\" class=\"aligncenter size-full wp-image-723\" src=\"https:\/\/pariserkommune.noblogs.org\/files\/2021\/05\/transpi.jpg\" alt=\"\" width=\"656\" height=\"309\" srcset=\"https:\/\/pariserkommune.noblogs.org\/files\/2021\/05\/transpi.jpg 656w, https:\/\/pariserkommune.noblogs.org\/files\/2021\/05\/transpi-300x141.jpg 300w, https:\/\/pariserkommune.noblogs.org\/files\/2021\/05\/transpi-500x236.jpg 500w\" sizes=\"auto, (max-width: 656px) 100vw, 656px\" \/><\/p>\n<p><strong>14.5.-28.5.2021<\/strong><br \/>\nWerktags 12-15 Uhr<br \/>\nBarrierefrei<br \/>\nAnmeldung unter Angabe von Name, Telefonnummer &amp; Adresse erforderlich <a href=\"mailto:anmeldung@hausderdemokratie.de\">anmeldung@hausderdemokratie.de<\/a><\/p>\n<p><strong>Haus der Demokratie in Berlin<\/strong><br \/>\nGreifswalder Stra\u00dfe 4<br \/>\n10405 Berlin<br \/>\n<a href=\"http:\/\/www.hausderdemokratie.de\">www.hausderdemokratie.de<\/a><\/p>\n<p><strong>************<\/strong><\/p>\n<p><img loading=\"lazy\" decoding=\"async\" class=\"aligncenter size-full wp-image-724\" src=\"https:\/\/pariserkommune.noblogs.org\/files\/2021\/05\/plakat-pariser-kommune_final.jpg\" alt=\"\" width=\"656\" height=\"876\" srcset=\"https:\/\/pariserkommune.noblogs.org\/files\/2021\/05\/plakat-pariser-kommune_final.jpg 656w, https:\/\/pariserkommune.noblogs.org\/files\/2021\/05\/plakat-pariser-kommune_final-225x300.jpg 225w\" sizes=\"auto, (max-width: 656px) 100vw, 656px\" \/><\/p>\n<p><strong>29.5.-3.6.2021<\/strong><br \/>\nT\u00e4gl. 11-16 Uhr<br \/>\nMaske und Abstand<br \/>\nEintritt frei<\/p>\n<p><strong>Projekthaus Potsdam<\/strong><br \/>\nRudolf- Breitscheid-Stra\u00dfe 164<br \/>\n14482 Potsdam Babelsberg<br \/>\n<a href=\"http:\/\/www.projekthaus-potsdam.de\">www.projekthaus-potsdam.de<\/a><\/p>\n<p>&nbsp;<\/p>\n","protected":false},"excerpt":{"rendered":"<p>Wanderausstellung 150 Jahre Pariser Kommune \u2013\u00a0Orte und Veranstaltungen Wir w\u00fcrden uns sehr freuen die Ausstellung weiter zu zeigen. Wenn ihr Orte daf\u00fcr kennt, schreibt uns an\u00a0pariserkommune@riseup.net ****************************************************** An folgenden Orten wurde die Ausstellung schon gezeigt: ****************************************************** 19.4.2025 Infoladen Saarbr\u00fccken Commune &hellip; <a href=\"https:\/\/pariserkommune.noblogs.org\/?page_id=19\">Weiterlesen <span class=\"meta-nav\">&rarr;<\/span><\/a><\/p>\n","protected":false},"author":15881,"featured_media":0,"parent":0,"menu_order":0,"comment_status":"closed","ping_status":"closed","template":"","meta":{"_locale":"de_DE","_original_post":"http:\/\/pariserkommune.noblogs.org\/?page_id=19","footnotes":""},"class_list":["post-19","page","type-page","status-publish","hentry","de-DE"],"_links":{"self":[{"href":"https:\/\/pariserkommune.noblogs.org\/index.php?rest_route=\/wp\/v2\/pages\/19","targetHints":{"allow":["GET"]}}],"collection":[{"href":"https:\/\/pariserkommune.noblogs.org\/index.php?rest_route=\/wp\/v2\/pages"}],"about":[{"href":"https:\/\/pariserkommune.noblogs.org\/index.php?rest_route=\/wp\/v2\/types\/page"}],"author":[{"embeddable":true,"href":"https:\/\/pariserkommune.noblogs.org\/index.php?rest_route=\/wp\/v2\/users\/15881"}],"replies":[{"embeddable":true,"href":"https:\/\/pariserkommune.noblogs.org\/index.php?rest_route=%2Fwp%2Fv2%2Fcomments&post=19"}],"version-history":[{"count":74,"href":"https:\/\/pariserkommune.noblogs.org\/index.php?rest_route=\/wp\/v2\/pages\/19\/revisions"}],"predecessor-version":[{"id":871,"href":"https:\/\/pariserkommune.noblogs.org\/index.php?rest_route=\/wp\/v2\/pages\/19\/revisions\/871"}],"wp:attachment":[{"href":"https:\/\/pariserkommune.noblogs.org\/index.php?rest_route=%2Fwp%2Fv2%2Fmedia&parent=19"}],"curies":[{"name":"wp","href":"https:\/\/api.w.org\/{rel}","templated":true}]}}